 first derivative of t**4/2 - t**3/3 - t**2/2 - 2*t + 4. Calculate s(2).
8
Let o(z) = z**3 + 7*z**2 + z + 4. Let w be o(-7). Let q(n) = n**2 - 4. What is q(w)?
5
Suppose -3*x = -7 - 14. Let j be (18/21)/(2/x). Let a(q) = -q**2 + 4*q - 3. Calculate a(j).
0
Let u(g) be the second derivative of 0 - 5/6*g**3 - 5*g - 1/12*g**4 + 2*g**2. Let p(c) = -c**2 + 5*c - 5. Let x be p(5). Give u(x).
4
Let o(f) = 2*f - 11. Let j(z) = -2*z + 12. Let s(g) = 5*j(g) + 6*o(g). Let p be s(5). Suppose -p*b + 4 = n + n, -2*b = -n - 6. Let c(t) = -t**3 + 1. Give c(n).
9
Let y = 33 - 36. Let j(l) = -l**2 - 7*l - 6. Let v be j(-5). Let w(b) = 9*b + 0 - v*b + 2 + b**2. What is w(y)?
-4
Let r be ((-6)/(-5))/(3/(-10)). Let y(x) = x - 4. Determine y(r).
-8
Let a(m) be the first derivative of m**3/6 - m**2 + 4*m - 1. Let v(o) be the first derivative of a(o). What is v(5)?
3
Let r(u) = -u**3 - 10*u**2 - 10*u - 5. Let a be r(-9). Suppose a*m = 2*m. Let d(w) be the first derivative of -w**3/3 - 2*w + 1. What is d(m)?
-2
Let g(o) be the first derivative of o**2/2 + 7. Calculate g(-3).
-3
Let t = -5 + 7. Let w(z) = -4*z**t + z - 7 + 11 - z**3 + 2*z. Determine w(-4).
-8
Let b(g) be the second derivative of 1/10*g**5 - 5*g - 1/4*g**4 + 1/6*g**3 + 0 - 1/2*g**2. Calculate b(2).
5
Let h(d) = -7*d**3 - 8*d**2 + 8*d - 3. Let j(c) = -6*c**3 - 7*c**2 + 7*c - 3. Let u(x) = -5*h(x) + 6*j(x). Suppose -3*b = b + 12. What is u(b)?
0
Let y(h) be the first derivative of 4*h**2 - h + 0 - 1 + 0. Determine y(-1).
-9
Let w(p) be the second derivative of p**4/12 + 5*p**3/6 - 7*p**2/2 + 17*p. Calculate w(-5).
-7
Let i(o) = 3 - 6 - 1 - o + 8. Give i(-3).
7
Let b(c) = -c - 1. Let q be b(1). Let a(u) = u**3 + u**2 - 3*u - 2. What is a(q)?
0
Let o(h) = 10*h - 14. Suppose -15 = -4*p - p. Let f(g) = -g. Let y(t) = 5*t - 3. Let m(v) = -3*f(v) - y(v). Let a(r) = p*o(r) + 14*m(r). Calculate a(-4).
-8
Let t(c) = c**3 + 4*c**2 + 3*c - 3. Suppose -7 = -4*u + 5. Suppose g = 0, -4*g + 9 = -u*b - 3*g. What is t(b)?
-3
Let p(u) = u - 3. Suppose -3*j + 5*w - w - 8 = 0, 0 = -2*j + 2*w - 6. Give p(j).
-7
Let h(o) = -o**2 + 1. Let w be h(-1). Suppose w*y = -y. Let p(z) = z**3 + z + 6. Give p(y).
6
Let i(r) = -6 + 3 - r + 4 + 1. Let m be i(9). Let b = m + 4. Let h(c) = c**3 + 3*c**2 - 2*c - 2. Calculate h(b).
4
Let t be 0*1/3*-1. Let b be t + -3 + 0 + 1. Let z(o) = o**3 + 5*o**2 + 3*o. What is z(b)?
6
Let u(j) = 5*j - 8. Let n(o) = 6*o - 9. Let x(w) = -6*n(w) + 7*u(w). Determine x(-7).
5
Suppose 12 = -q - 2*o - 0, 3*o = -5*q - 46. Let a = 5 + q. Let s(b) be the first derivative of -2*b**3/3 - b**2 + 3*b - 1. Determine s(a).
-9
Let x(u) be the third derivative of -31*u**5/60 + u**4/24 + 38*u**2. What is x(1)?
-30
Let x = 3 - 0. Let s(w) = 0*w**2 - 1 - x + 2*w**2 + 5*w + 0*w. Give s(-4).
8
Let c(t) = 62 + 3*t - 59 - 4*t. Give c(4).
-1
Let y(r) = 3*r - 3. Let m be (-6)/39 - ((-432)/26)/4. Give y(m).
9
Let p(x) = x**3 - 6*x**2 + 4*x + 4. Let q = -18 - -34. Suppose o + 14 = 3*u, 2*u + 0*o - 4*o - q = 0. Suppose u*m - 5 = 3*m. Calculate p(m).
-1
Suppose -6*x - 17 = 7. Let v(w) = w**3 + 5*w**2 + 2*w + 3. Give v(x).
11
Let t(s) be the second derivative of s**4/12 + s**3/6 - 3*s**2/2 + s. Let b(q) = -4*q + 56. Let g be b(15). Calculate t(g).
9
Let d(r) = -r**3 + 5*r**2 - r + 5. Suppose 4*n - 150 + 134 = 0. Calculate d(n).
17
Let b be 9/1 - (4 + 2)/2. Let c(k) = 2*k - 1. Give c(b).
11
Let m(u) = u**3 + 9*u**2 + 9*u - 6. Let x be m(-8). Let j = -9 - x. Let q(w) = -2*w + 4. Give q(j).
-6
Let o(i) be the second derivative of i**5/120 - i**4/24 + i**3/6 + 3*i. Let n(t) be the second derivative of o(t). What is n(-2)?
-3
Let f(m) = -m + 3. Let x(t) = t - 2. Let d be x(5). Suppose -q = -d*h + 4, 0 = 3*h - 3*q - q + 2. Let g be h/2*7 - 2. Give f(g).
-2
Let a(h) = -3 + 2*h**3 - 3*h**3 + 6 - 3*h**2 + h + h. Let k be a(-3). Let c(z) = -z**3 - 3*z**2 - z. What is c(k)?
3
Suppose 2*n + 12 = -5*h, 0*n - 2*h = 2*n. Let o be 3 - (-2 + (-1 - -3)). Let m(d) = o*d - 9*d + 7*d**2 - d**3 - d**2. Give m(n).
8
Let z(m) = 505*m + m**2 - 1 - 505*m. Suppose -5*a = -4*n, 0 = 3*a + 2*n - 6*n. Give z(a).
-1
Let v(z) = -3*z + 2. Suppose l = 4*s - 31 + 75, 0 = 2*s - 5*l + 40. Let j(h) = -h**3 - 11*h**2 - 11*h - 8. Let w be j(s). Calculate v(w).
-4
Let k(c) = c**2 + 7*c. Let l(z) = -z - 20. Let m be l(-14). Calculate k(m).
-6
Let w(y) = -y + 4. Let t(q) be the second derivative of q**2/2 + q. Let x be (-3)/(-5) - 2/(-5). Let a(i) = x*w(i) - t(i). Calculate a(5).
-2
Let i(q) = q**3 + 6*q**2 - 8*q + 3. Let o(g) = -3*g**3 - 12*g**2 + 17*g - 7. Let f(x) = 5*i(x) + 2*o(x). Give f(5).
-4
Suppose -5*b + 0*b = 5. Let r(i) = -i**3 + i**2. Calculate r(b).
2
Let v(c) be the first derivative of c**3/3 - 4*c**2 + c + 21. Determine v(7).
-6
Let z be 3/(15/(-6) + 1). Let r(x) = -2 + 0*x**3 - x**3 - x**2 - 3*x + 4*x**2 - 6*x**2. Determine r(z).
0
Let q(f) = 0 + 2 + 10*f - 3. Give q(-1).
-11
Let a(y) = -7*y**3 + y**2 + y. Let n be (2/(-6))/((-8)/(-24)). Determine a(n).
7
Suppose 5*u = 2*q + 24, 3 = -u - 3*q + 1. Let c(t) = u*t**2 - 5*t**2 + t**3 + 2*t - t. Give c(1).
1
Let v(c) be the second derivative of 0 + c + 1/3*c**3 + 3/2*c**2 + 1/12*c**4. Let t be 1/(-2 - 1)*9. What is v(t)?
6
Let r(b) = b**2 + 4*b - 3. Suppose -4*m - 12 = 8. Determine r(m).
2
Let x(c) = -3*c**2 - 4*c - 3. Suppose 0 - 10 = 5*b. Give x(b).
-7
Suppose -4 = -4*o - 0. Let h(i) = 2*i - 4*i - o + 0. Calculate h(-1).
1
Let h(f) = f**3 - 2*f**2 - f + 2. Let s be h(2). Let y(r) = -58*r**3 + r**2 + 3 + 117*r**3 - r - 60*r**3. Give y(s).
3
Let m(f) = -f + 7. Let q be m(5). Let b(y) = -y**3 - 6*y**2 + 9*y - 1. Let g(a) = 1 + 4*a - 4*a + 7*a**2 + a**3 - 10*a. Let w(k) = -7*b(k) - 6*g(k). Give w(q).
3
Let a(t) = -t**2 + 4*t + 3 - t - 4*t. Determine a(4).
-17
Let i(l) = l. Let s be i(-4). Let y(t) = -t + 4*t - 2*t. Give y(s).
-4
Suppose -8 = -4*m - 3*c, -5*c + 14 + 10 = -4*m. Let y(o) = o**3 + o**2 + o - 1. Let u(b) = -4*b**3 - 4*b + 5. Let f(a) = m*u(a) - 3*y(a). What is f(3)?
1
Let m = -8 - -11. Let b(g) = 4*g. Give b(m).
12
Let d(j) = -j**2 + j + 4. Let n be d(0). Let r(s) = -4*s + n*s - s. Let t be (2/3)/(1/(-3)). Calculate r(t).
2
Let f(m) be the second derivative of m**6/15 + m**5/60 + m**4/24 - m**2/2 + 5*m. Let i(v) be the first derivative of f(v). Determine i(-1).
-8
Let c(f) be the third derivative of -2*f**5/15 + 7*f**2. Determine c(1).
-8
Let b = -48 - -70. Let x(r) = b + 7*r + 20 - 42. Determine x(-2).
-14
Let b = -3 - 6. Let y be 6 - -3 - b/(-3). Let t(c) = c**2 - 4*c + 2. Give t(y).
14
Let u(k) = -k**2 + 8*k - 6. Suppose 4*s - 12*s + 40 = 0. Determine u(s).
9
Let n(o) = o + 3. Let t be (-42)/(-8) + (-1)/4. Suppose -7 - 3 = t*a. Calculate n(a).
1
Let i(z) = z + 7. Let y(k) = 2. Let l(w) = 2*i(w) - 7*y(w). What is l(-5)?
-10
Let a(x) = 7*x - x + 30 - 31 + x**2. What is a(-6)?
-1
Let h(a) = 5*a**2 - a + 1. Let u be h(1). Let g(b) = -4*b + 1 + 4*b + 6*b - u*b. What is g(5)?
6
Let v(q) be the first derivative of -q**4/4 + q**3 + 2*q**2 + 3*q - 5. Determine v(4).
3
Let r(d) = -d**2 - 7*d + 6. Let w = -37 - -30. Determine r(w).
6
Let g(o) be the first derivative of o**2 - o + 27. Suppose 15 = 3*z + 2*z. Give g(z).
5
Let j(o) = -3*o - 1. Let y(p) = p**2 - 8*p - 9. Let k be y(9). Suppose k = -5*r + s + 6, -2*r + 0*s = -s. What is j(r)?
-7
Let z(a) = -3*a**2 - a**3 - a**2 + 3*a + 0*a**3 + 6. Calculate z(-4).
-6
Let a(g) be the first derivative of 3/2*g**2 + 2/3*g**3 + 3 - 4*g. Calculate a(-3).
5
Suppose 0 = 2*v + 12 - 4. Let h(z) = -4*z**2 - 3 - 6*z - z**3 - 4 + 4 - z**2. Determine h(v).
5
Suppose -12 = x - 23. Let a(c) = c - c + x + c. What is a(0)?
11
Let r(l) be the first derivative of l**2/2 - 5*l + 3. Let x(n) = 1. Let h(i) = -r(i) - 5*x(i). What is h(-2)?
2
Let d(u) = -2*u**2 + 3*u - 2. Suppose 12 = 5*s + 3*q - 4*q, s - 8 = 3*q. Calculate d(s).
-4
Let p(u) = u. Let v be p(3). Suppose -7 - 5 = v*f. Let z(k) = 2*k**2 - 2*k - 6. Let c(j) = 3*j**2 - 5*j - 12. Let y(n) = -3*c(n) + 5*z(n). Calculate y(f).
2
Let o(p) = -6*p - 30. Let y be o(-6). Let q(c) be the second derivative of c**3/3 - 9*c**2/2 + c. Determine q(y).
3
Let m be 0 - (-1 + 1) - 38/(-19). Let w(f) be the first derivative of 3 + 9*f + 1/2*f**m. Give w(-5).
4
Let t(s) = -4*s**2 + s - 1. Let r(h) = h + 6. Let x be r(-6). Suppose -n - 4*n - 15 = x.